{"id":1764,"date":"2018-08-29T05:16:01","date_gmt":"2018-08-29T05:16:01","guid":{"rendered":"http:\/\/192.168.1.114\/havnor-demo\/corporate\/?page_id=1764"},"modified":"2021-10-07T17:57:02","modified_gmt":"2021-10-07T20:57:02","slug":"nossa-expertise","status":"publish","type":"page","link":"https:\/\/supportcargo.com.br\/index.php\/nossa-expertise\/","title":{"rendered":"Nossa Expertise"},"content":{"rendered":"<p>[vc_row overlay_dotted=&#8221;&#8221; css=&#8221;.vc_custom_1545742560256{padding-top: 10% !important;padding-bottom: 9% !important;}&#8221;][vc_column offset=&#8221;vc_col-lg-6 vc_col-md-6&#8243;]<div class=\"hanor-section-title section-title-two hanor-stitle-69e73d540479c-support-cargo cpation-left \"><p>Estamos \u00e1 sua disposi\u00e7\u00e3o<\/p><h2 class=\"section-title\">SUPPORT CARGO<\/h2><\/div>[\/vc_column][vc_column offset=&#8221;vc_col-lg-6 vc_col-md-6&#8243;][vc_row_inner][vc_column_inner offset=&#8221;vc_hidden-sm vc_hidden-xs&#8221;][vc_empty_space height=&#8221;40px&#8221;][\/vc_column_inner][\/vc_row_inner][vc_column_text css=&#8221;.vc_custom_1567773961972{margin-bottom: 0px !important;}&#8221;]O com\u00e9rcio exterior depende integralmente das opera\u00e7\u00f5es log\u00edsticas que, muitas vezes, podem ser complexas e demoradas. Visando diminuir a complexidade das empresas em lidar com seus transportes, surge o agenciamento de cargas, que traz efici\u00eancia e pontualidade para os processos log\u00edsticos do com\u00e9rcio exterior.[\/vc_column_text][\/vc_column][\/vc_row][vc_row full_width=&#8221;stretch_row&#8221; overlay_dotted=&#8221;&#8221; css=&#8221;.vc_custom_1545742586939{padding-top: 8% !important;padding-bottom: 5% !important;background-color: #f9f9f9 !important;}&#8221;][vc_column]<div class=\"hanor-section-title section-title-one hanor-stitle-69e73d54047d5-nos-fazemos-a-diferenca cpation-center \"><h2 class=\"section-title\">N\u00f3s fazemos a Diferen\u00e7a!<\/h2><p>Compromisso, Seguran\u00e7a, Responsabilidade e Conhecimento s\u00e3o os pilares dos Nossos Servi\u00e7os. Sempre visando a Qualidade no Atendimento.<\/p><\/div>[vc_row_inner][vc_column_inner offset=&#8221;vc_col-lg-4 vc_col-md-4&#8243;]<div class=\"hanor-services services-style-five hanor-service-69e73d5404840   text-align-left   hide-border\"><div class=\"service-item hanor-item\"><div class=\"hanor-icon \"><span class=\"fa fa-plane\"><\/span><\/div><div class=\"service-info\"><h4 class=\"service-title\">AGENCIAMENTO DE CARGAS A\u00c9REAS<\/h4><p>Fazemos todo o processo do Agenciamento da sua carga a\u00e9rea, desde a fase inicial, com acompanhamento de profissionais com tradi\u00e7\u00e3o no setor.<\/p>\n<\/div><\/div><\/div><div class=\"hanor-services services-style-five hanor-service-69e73d5404887   text-align-left   hide-border\"><div class=\"service-item hanor-item\"><div class=\"hanor-icon \"><span class=\"fa fa-external-link\"><\/span><\/div><div class=\"service-info\"><h4 class=\"service-title\">SEGURO INTERNACIONAL\u200b PARA CARGAS<\/h4><p>Bens ou mercadorias transportadas em meios ferrovi\u00e1rios, rodovi\u00e1rios, a\u00e9reos e hidrovi\u00e1rios precisam estar segurados. Oferecemos seguran\u00e7a para a sua carga.<\/p>\n<\/div><\/div><\/div>[\/vc_column_inner][vc_column_inner offset=&#8221;vc_col-lg-4 vc_col-md-4&#8243;]<div class=\"hanor-services services-style-five hanor-service-69e73d54048af   text-align-left   hide-border\"><div class=\"service-item hanor-item\"><div class=\"hanor-icon \"><span class=\"fa fa-list-alt\"><\/span><\/div><div class=\"service-info\"><h4 class=\"service-title\">DESEMBARA\u00c7O ADUANEIRO (IMPORT \/ EXPORT)<\/h4><p>Efetuamos a libera\u00e7\u00e3o de uma mercadoria pela alf\u00e2ndega para a entrada no pa\u00eds (importa\u00e7\u00e3o) ou sua sa\u00edda (exporta\u00e7\u00e3o) com toda a sua documenta\u00e7\u00e3o verificada.<\/p>\n<\/div><\/div><\/div><div class=\"hanor-services services-style-five hanor-service-69e73d54048dd   text-align-left   hide-border\"><div class=\"service-item hanor-item\"><div class=\"hanor-icon \"><span class=\"fa fa-ship\"><\/span><\/div><div class=\"service-info\"><h4 class=\"service-title\">COTA\u00c7\u00c3O PARA TRANSPORTE DE CARGA MAR\u00cdTIMA<\/h4><p>Oferecemos todos os servi\u00e7os necess\u00e1rios para o transporte da sua carga mar\u00edtima, fazemos a sua respectiva cota\u00e7\u00e3o e o devido acompanhamento at\u00e9 o seu destino.<\/p>\n<\/div><\/div><\/div>[\/vc_column_inner][vc_column_inner offset=&#8221;vc_col-lg-4 vc_col-md-4&#8243;]<div class=\"hanor-services services-style-five hanor-service-69e73d54048ff   text-align-left   hide-border\"><div class=\"service-item hanor-item\"><div class=\"hanor-icon \"><span class=\"fa fa-shopping-bag\"><\/span><\/div><div class=\"service-info\"><h4 class=\"service-title\">PROCESSO DE BAGAGEM DESACOMPANHADA<\/h4><p>Realizamos o processo de bagagens desacompanhadas que chegam do exterior ou a ele se destina, com conhecimento de carga ou documento equivalente.<\/p>\n<\/div><\/div><\/div><div class=\"hanor-services services-style-five hanor-service-69e73d540491e   text-align-left   hide-border\"><div class=\"service-item hanor-item\"><div class=\"hanor-icon \"><span class=\"fa fa-newspaper-o\"><\/span><\/div><div class=\"service-info\"><h4 class=\"service-title\">DOC P\/ CREDENCIAMENTO NO RADAR DA RECEITA FEDERAL\u200b<\/h4><p>Toda opera\u00e7\u00e3o aduaneira, de importa\u00e7\u00e3o ou de exporta\u00e7\u00e3o deve ser processada no Sist. Integrado de Com\u00e9rcio Exterior (Siscomex). Cadastramos sua empresa nesse sistema.<\/p>\n<\/div><\/div><\/div>[\/vc_column_inner][\/vc_row_inner][\/vc_column][\/vc_row][vc_row overlay_dotted=&#8221;&#8221; css=&#8221;.vc_custom_1544076992799{margin-top: 10% !important;padding-bottom: 10% !important;}&#8221;][vc_column css=&#8221;.vc_custom_1535088324287{padding-top: 0px !important;}&#8221;]\n      <!-- begin output -->\n      <div  class=\"hanor-outcome-services tab-style-five hanor-outcome-services-69e73d540499c tab-dark-version\">\n                  <div class=\"col-md-6 hanor-item\"><div class=\"hanor-table-wrap\"><div class=\"hanor-align-wrap\"><h2 class=\"large-title\">Em que Acreditamos<\/h2>\n                <ul class=\"nav nav-tabs\">\n                  <li  class=\"active\"><a href=\"#69e73d540499c-0\" data-toggle=\"tab\"><span class=\"pe-7s-light hanor-tab-icon\"><\/span><span class=\"tab-title\">Foco<p>Sempre buscando o Resultado<\/p><\/span><\/a><\/li>\n                  <li ><a href=\"#69e73d540499c-1\" data-toggle=\"tab\"><span class=\"pe-7s-helm hanor-tab-icon\"><\/span><span class=\"tab-title\">Nosso Compromisso<p>Fazemos o melhor para os nossos Clientes<\/p><\/span><\/a><\/li>\n                  <li ><a href=\"#69e73d540499c-2\" data-toggle=\"tab\"><span class=\"pe-7s-wallet hanor-tab-icon\"><\/span><span class=\"tab-title\">Conhecimento e Tradi\u00e7\u00e3o<p>Nossa Experi\u00eancia e Tradi\u00e7\u00e3o promovem o sucesso<\/p><\/span><\/a><\/li>\n                <\/ul>\n                  <\/div><\/div><\/div>\n                  <div class=\"col-md-6 hanor-item\"> <div class=\"hanor-table-wrap\"><div class=\"hanor-align-wrap\">\n                <div class=\"tab-content\">\n                  <div id=\"69e73d540499c-0\" class=\"tab-pane fade  in active\">[vc_single_image image=&#8221;3541&#8243; img_size=&#8221;full&#8221; css=&#8221;.vc_custom_1545977389031{margin-bottom: 0px !important;border-radius: 5px !important;}&#8221;]<\/div>\n                  <div id=\"69e73d540499c-1\" class=\"tab-pane fade \">[vc_single_image image=&#8221;3541&#8243; img_size=&#8221;full&#8221; css=&#8221;.vc_custom_1545977430625{margin-bottom: 0px !important;}&#8221;]<\/div>\n                  <div id=\"69e73d540499c-2\" class=\"tab-pane fade \">[vc_single_image image=&#8221;3541&#8243; img_size=&#8221;full&#8221; css=&#8221;.vc_custom_1545977457071{margin-bottom: 0px !important;}&#8221;]<\/div>\n                <\/div>\n                  <\/div><\/div><\/div>\n        \n      <\/div>\n      [\/vc_column][\/vc_row]<\/p>\n","protected":false},"excerpt":{"rendered":"[vc_row overlay_dotted=&#8221;&#8221; css=&#8221;.vc_custom_1545742560256{padding-top: 10% !important;padding-bottom: 9% !important;}&#8221;][vc_column offset=&#8221;vc_col-lg-6 vc_col-md-6&#8243;][\/vc_column][vc_column offset=&#8221;vc_col-lg-6 vc_col-md-6&#8243;][vc_row_inner][vc_column_inner offset=&#8221;vc_hidden-sm vc_hidden-xs&#8221;][vc_empty_space height=&#8221;40px&#8221;][\/vc_column_inner][\/vc_row_inner][vc_column_text css=&#8221;.vc_custom_1567773961972{margin-bottom: 0px !important;}&#8221;]O com\u00e9rcio exterior depende integralmente das opera\u00e7\u00f5es log\u00edsticas que, muitas vezes, podem ser complexas e demoradas. Visando diminuir a complexidade das empresas em lidar com seus transportes, surge o agenciamento de cargas, que traz efici\u00eancia e pontualidade para os&#8230;","protected":false},"author":2,"featured_media":0,"parent":0,"menu_order":0,"comment_status":"closed","ping_status":"closed","template":"","meta":[],"_links":{"self":[{"href":"https:\/\/supportcargo.com.br\/index.php\/wp-json\/wp\/v2\/pages\/1764"}],"collection":[{"href":"https:\/\/supportcargo.com.br\/index.php\/wp-json\/wp\/v2\/pages"}],"about":[{"href":"https:\/\/supportcargo.com.br\/index.php\/wp-json\/wp\/v2\/types\/page"}],"author":[{"embeddable":true,"href":"https:\/\/supportcargo.com.br\/index.php\/wp-json\/wp\/v2\/users\/2"}],"replies":[{"embeddable":true,"href":"https:\/\/supportcargo.com.br\/index.php\/wp-json\/wp\/v2\/comments?post=1764"}],"version-history":[{"count":29,"href":"https:\/\/supportcargo.com.br\/index.php\/wp-json\/wp\/v2\/pages\/1764\/revisions"}],"predecessor-version":[{"id":5456,"href":"https:\/\/supportcargo.com.br\/index.php\/wp-json\/wp\/v2\/pages\/1764\/revisions\/5456"}],"wp:attachment":[{"href":"https:\/\/supportcargo.com.br\/index.php\/wp-json\/wp\/v2\/media?parent=1764"}],"curies":[{"name":"wp","href":"https:\/\/api.w.org\/{rel}","templated":true}]}}